 be the second derivative of 0 + 1/12*u**4 - 86*u - 7/6*u**3 + 3*u**2. What is l(4)?
-6
Suppose -77*m - 254 - 235 + 104 = 0. Let z(y) = -2*y**2 - 8*y - 3. Give z(m).
-13
Let x(l) be the second derivative of -l**4/6 - 9*l**3/2 + 47*l**2/2 - 26*l + 15. What is x(-15)?
2
Let k(i) = -7*i - 8*i + 11*i - 1. Let f(r) be the third derivative of r**6/120 + 7*r**5/60 + r**4/2 + 3*r**3/2 - 12*r**2. Let t be f(-5). Give k(t).
3
Let t = -669 + -97. Let f = t - -762. Let y(o) be the first derivative of -o**3/3 - o**2 + 4*o + 1. Calculate y(f).
-4
Suppose -o + 2 = -3*b + 5*b, -2*o + 6 = 2*b. Let j(t) = 5 - o*t - 6 + 2*t - t. What is j(-5)?
14
Let d(n) = -n**3 - 3*n**2 - 4*n - 11. Let f be d(-5). Suppose -62*b - 15 = -f*b. Let w(r) = -r**3 - 4*r**2 + 4*r - 4. Give w(b).
1
Suppose 0 = -2*m + n - 8, -19*m + 24*m - 3*n + 23 = 0. Let d(y) = 19*y**2 + 5*y + 3. Calculate d(m).
17
Let h(p) be the second derivative of -p**5/120 - p**4/8 - 47*p**3/6 + 183*p. Let y(m) be the second derivative of h(m). Calculate y(-4).
1
Let p(h) = -h + 15. Suppose 207 = 22*c + 31. Let o be 0/(1*c/(-8)). Determine p(o).
15
Let h(c) be the second derivative of -c**5/60 + c**3/2 - 7*c**2/2 - 32*c + 1. Let s(k) be the first derivative of h(k). Calculate s(-3).
-6
Suppose -5*r - 2*y = -38, 3*r - 7 = 2*r - y. Let v be 12/5*20/r. Let p(z) = v - 2 - z - 1 + 0*z. Give p(0).
3
Let m be -1 + 6/((-24)/(-20)). Suppose 0 = -w + m*q + 50, -w - 2*q - 232 = -6*w. Let o(h) = -45*h - 7*h**3 + w*h - h**2 + 0*h**2 - 1. Determine o(1).
-8
Let t(k) be the first derivative of k**7/840 - k**6/360 - 3*k**5/40 + k**4/12 + 2*k**3 + 4*k - 228. Let g(z) be the third derivative of t(z). What is g(4)?
14
Let i(r) = -117*r**2 + 1 + 17*r**2 + 63*r**2 + 16*r**2 + 19*r**2. Let k be -1 - (-5)/((-10)/(-4)). Determine i(k).
-1
Let w(j) = -38*j - 260. Suppose -49*m = 95*m + 1008. Give w(m).
6
Let x(p) = -4*p + p - 4 + 1. Let f(h) = -6*h + 50. Let k(n) = 1. Let l(y) = -f(y) - k(y). Let i be l(8). Calculate x(i).
6
Let a(g) = g**2 - 2*g. Let x(q) = -q**2 + 7*q + 7. Let j(f) = -f**2 - 4*f + 8. Let d be j(-4). Let z be x(d). Let w be 6/9 - z/3. Determine a(w).
-1
Suppose -5*g = 5*p + 140, -3*g + 257 - 413 = 5*p. Let x(u) = 2*u**3 + 75*u**2 + 109*u + 35. What is x(p)?
-1
Let t(u) = 6 + 1 + 5*u - u**2 + 0 + 3. Let r(x) = -x + 6. Let h be r(-3). Suppose -37 - 35 = -h*j. Determine t(j).
-14
Let c(n) = -5 - 137*n**2 + n + 45*n**2 - 5*n + 49*n**2 + 49*n**2. Calculate c(-3).
61
Let z(v) = -v**2 - 5*v + 7. Suppose 64 + 132 = -28*o. What is z(o)?
-7
Let k(w) be the third derivative of -w**6/120 - 7*w**5/60 + 7*w**4/24 + 5*w**3/6 - 1837*w**2 - 2*w. Let o be (-1*6)/(30/40). What is k(o)?
13
Suppose 5*j = -4*d + 52, -2*j - 2*d + 14 = -j. Let b(q) = 0 - j*q + 9 + 6 - 4 - q**2. Calculate b(-9).
2
Suppose 3396 + 1075 = 320*i - 9. Let l(t) = -5*t + 83. Determine l(i).
13
Let o(x) = -x**2 + 1. Let z be (-14)/105 + (-2522)/(-15). Let b = z + -169. Calculate o(b).
0
Suppose -2*t - t + 4*o = -24, 4*o - 24 = -3*t. Let w(v) be the first derivative of v**4/4 - 3*v**3 + 5*v**2 + 5*v + 348. Determine w(t).
21
Let u = 119 - 81. Let p = u - 24. Suppose 8 = -p*t + 6*t. Let m(w) = -9*w - 1. What is m(t)?
8
Let y = -43 - -45. Suppose -5*x = y*x - 546. Let v(d) = -d - 3*d**2 + 155*d**3 - x*d**3 - 78*d**3 - 1 + 2*d. Determine v(-4).
11
Let a(y) = -7*y**3 + 51*y**2 - 70*y - 33. Let p(s) = -4*s**3 + 25*s**2 - 37*s - 16. Let t(z) = 3*a(z) - 5*p(z). What is t(27)?
35
Suppose 2*d + 5*j + 38 = 5*d, 0 = -4*j + 20. Let s(u) = 7 + 15 - 13*u - d. Suppose 0 = -5*l, -5 = -5*o - 3*l + l. What is s(o)?
-12
Suppose -2*g + 27 = 4*k + 11, -g + 23 = -3*k. Suppose 0 = -g*x - 67 + 179. Let m(s) = -4*s + 32. What is m(x)?
0
Suppose 292*f = 284*f - 40. Let z(o) = -o**2 - 4*o + 8. What is z(f)?
3
Let t(f) = 968 - 96*f**3 + 97*f**3 + 4*f - 934 + 11*f**2. Calculate t(-11).
-10
Let p(z) = -159*z**2 + 19*z + 29. Let s(i) = -29*i**2 + 4*i + 6. Let c(t) = 2*p(t) - 11*s(t). Give c(4).
-16
Let h(o) = 22*o**3 + 3*o**2 - 23*o**3 + 0*o**2 + 8*o - 3. Let y(g) = g**2 + 10*g - 13. Let j be y(-11). Let d be -1*j*15/6. What is h(d)?
-13
Let q(j) = -2*j**2 - 3*j. Let n(d) = -8*d**2 - 11*d + 1. Let c(g) = 2*n(g) - 9*q(g). Let k(y) = 283*y - 1419. Let z be k(5). Give c(z).
14
Let z = -4 - 0. Let s = 618 + -240. Let v(a) = 0 + s*a + 1 - 377*a. Give v(z).
-3
Let p(o) be the second derivative of o**6/60 - o**5/20 - 41*o**2 + 118*o. Let q(x) be the first derivative of p(x). What is q(2)?
4
Let c(x) = -x + 8. Let h = 6082 - 6091. Calculate c(h).
17
Let r(w) = -w**3 - 18*w**2 + 8. Let u(q) = 8*q + 278. Let v be u(-37). Calculate r(v).
8
Let v(o) be the second derivative of -3*o**3 - 1/60*o**5 - 1/24*o**4 + 0 + 1/60*o**6 + 16*o + 0*o**2. Let u(q) be the second derivative of v(q). Give u(-1).
7
Let n(z) be the second derivative of z**4/12 - 13*z**3/6 - 13*z**2/2 + 226*z + 3. Let x be (-1 + 15)*(-3 - -4). Calculate n(x).
1
Let z(m) = 3*m - 5. Let i(s) = 4*s - 7. Let r(x) = 5*i(x) - 7*z(x). Let k(n) = -2*n + 1. Let q(p) = 2*k(p) - 5*r(p). Determine q(3).
5
Let q(n) = -132*n - 199. Let f(y) = 63*y + 99. Let z(d) = -30*f(d) - 14*q(d). Determine z(-5).
26
Let c = -124 - -120. Let d(x) = -x - 8. Let u(q) = q - 4. Let v(w) = w + 2. Let n(p) = -u(p) + 2*v(p). Let i(j) = c*n(j) - 3*d(j). Determine i(-9).
1
Let s(g) = g**2 + g - 3. Let t = -11554 - -11558. Give s(t).
17
Let b(i) = 2*i**3 + 3*i + 138. Let n be b(0). Suppose -n*w + 112 = -154*w. Let y(c) = c - 2. Calculate y(w).
-9
Let g(d) = -2*d + 7. Let i(r) = -2*r + 6. Let h(y) = -5*g(y) + 6*i(y). Suppose -2 = -2*v + 8. Let m be -1*-15*v/(-15). Determine h(m).
11
Let y(p) be the third derivative of -7*p**4/24 + 57*p**3/2 - p**2 - 4. Give y(24).
3
Suppose -4*a - 4 = 0, -10 = -b + a - 6. Let u(j) = -4*j**3 + 2*j**2 - j + 4. What is u(b)?
-89
Let n(d) = -d**2 - 9*d - 4. Let t = -315 - -629. Suppose t = 3*g + 338. Determine n(g).
4
Suppose 4*w = -3*q + 26, w - 4 = 2*q - 14. Let f be 2 + 1 - 2/2. Let b(o) = -w*o + 4*o**2 - 3*o - 1 + 4*o - 3*o**f. Determine b(3).
5
Let a(b) = 3*b**3 + 26*b**2 + 61*b + 36. Let d(y) = -4*y**3 - 23*y**2 - 61*y - 39. Let j(n) = -3*a(n) - 2*d(n). Determine j(-30).
0
Suppose 2315*c - 2323*c - 32 = 0. Let l(w) = 15*w + 5. What is l(c)?
-55
Let t(m) be the third derivative of -m**6/120 + m**5/12 - m**4/8 + m**3/2 + m**2. Let h(w) = -5247*w + 162662. Let b be h(31). Calculate t(b).
-12
Let a be (1/(-3))/(11/231 + 0). Let j(d) = -d**2 - 7*d**2 - 5*d - d**3 + 13 - 8. Give j(a).
-9
Let q(r) = 2 - 7 + 1877*r**3 + 6 - 2 + r - 1876*r**3. Let d = -3 - -1. Determine q(d).
-11
Let f = 2512 + -2515. Let z(c) = -c**3 - 4*c**2 + 2*c - 4. Give z(f).
-19
Let y(o) = -1 + 140*o**3 - 3*o - 456*o**2 + 151*o**2 + 153*o**2 + 149*o**2. Calculate y(-1).
-141
Let f be -8 + (-1)/(2 - 3). Let h(c) be the third derivative of 1/60*c**5 + 15*c**2 + 1/4*c**4 + 0*c - 1/2*c**3 + 0. Determine h(f).
4
Let o(k) = -3*k - k**2 + 385 - 746 + 359. Let r be (-1)/((-40)/(-12) + -3). Determine o(r).
-2
Let i(p) = -5*p**2 + 3*p - 2. Let d(z) be the first derivative of z**3/3 + 2. Let x(b) = -3*d(b) - i(b). Let n = -303 - -305. Calculate x(n).
4
Let j(g) = -g**3 + 14*g**2 + 12. Suppose -148*f = -2875 + 803. Give j(f).
12
Let k(w) = -w + 1. Suppose -5*x + 72 + 468 = 0. Let s be (5/((-45)/(-6)))/(8/x). Let t = -5 + s. Determine k(t).
-3
Suppose -d = 5*n - 52, 459*n + 3*d + 24 = 462*n. Let r(q) be the first derivative of -q**2/2 + 11*q + 6. What is r(n)?
1
Let x(o) be the third derivative of 1/24*o**4 + 1/15*o**5 + 52*o**2 + 0 + 0*o + 0*o**3 + 1/120*o**6. Let z be (1 + 2)/(-1)*1. What is x(z)?
6
Let f(x) = -x**2 - 1138*x**3 + 1127*x**3 - 1 + 1. Let t = -10 + -12. Let n = t + 21. Calculate f(n).
10
Let v(g) = -5 - 3*g**3 + 14*g**2 - 1 + 2 - 8*g - 17*g**2 + 4*g**3. Let a(q) = -q**3 + 4*q**2 + 7*q + 3. Let i(d) = 3*a(d) + 2*v(d). What is i(7)?
-13
Let j(p) = -569*p**2 + 271*p**2 + 295*p**2 - p**3 + 3*p - 4. What is j(-3)?
-13
Suppose 0 = 2*h + 2*i - 20, i + 11 = 2*h + 6*i. Let w = 14 - h. Let m be -8 + (w - 0 - -2). Let j(u) = -2*u**2 - 8*u - 6. Determine j(m).
-16
Let v(w) = -w**3 - 10*w**2 + w + 88. Let b be v(-9). Let d(u) = 2 - 36*u - 41*u + 74*u + u**3 - 7. What is d(b)?
-7
Let a(v) = -v**3 + 14*v**2 + 13*v - 10. Suppose 4 = -4*h, -20 = 69*x - 70*x + 5*h. Give a(x).
-40
Let k(w) = w**3 